False
Is 324 a factor of 38360304?
True
Does 46 divide 607454766?
False
Does 287 divide 4566270737?
True
Is 219396052 a multiple of 5479?
False
Is 474 a factor of 48393030?
True
Is 9082901 a multiple of 151?
False
Does 83 divide 103861897?
False
Is 13 a factor of 32574984?
True
Is 365648094 a multiple of 4184?
False
Is 64 a factor of 11126144?
True
Does 149 divide 35922228?
False
Does 1481 divide 107610277?
False
Is 252300420 a multiple of 105?
False
Is 1731 a factor of 93474?
True
Does 10 divide 24847930?
True
Does 3 divide 6021834?
True
Is 421 a factor of 31227191?
False
Is 12155772 a multiple of 736?
False
Is 196 a factor of 26629742?
False
Is 643 a factor of 15348410?
True
Is 111 a factor of 804056361?
True
Is 63768077 a multiple of 180?
False
Is 1913265165 a multiple of 1317?
True
Is 88102784 a multiple of 176?
True
Is 13891551 a multiple of 87?
True
Is 1408747683 a multiple of 55?
False
Is 46895057 a multiple of 898?
False
Is 388 a factor of 26252080?
True
Is 18618000 a multiple of 107?
True
Does 61 divide 588050065?
True
Is 170 a factor of 65129210?
True
Is 1621 a factor of 804308022?
False
Is 54410205 a multiple of 46?
False
Is 1619076 a multiple of 16?
False
Is 117 a factor of 2088831771?
True
Does 27 divide 199852596?
True
Is 739742 a multiple of 28?
False
Is 45 a factor of 11535030?
True
Does 28 divide 455504673?
False
Is 50230791 a multiple of 117?
True
Does 92 divide 570867268?
True
Is 836366022 a multiple of 14?
False
Is 65755893 a multiple of 49?
True
Is 628888315 a multiple of 11?
True
Is 1563 a factor of 446665345?
False
Is 289199652 a multiple of 314?
True
Is 509770418 a multiple of 19?
True
Is 348223317 a multiple of 191?
False
Is 325 a factor of 20258550?
True
Is 4616801240 a multiple of 1655?
True
Does 19 divide 1776378971?
False
Is 331 a factor of 2632625466?
False
Does 87 divide 373173111?
False
Is 19 a factor of 32450081?
True
Is 693 a factor of 241911635?
False
Is 215744712 a multiple of 488?
False
Is 70 a factor of 34384557?
False
Is 52194558 a multiple of 39?
True
Is 62 a factor of 32145083?
False
Does 1495 divide 310764155?
True
Is 28 a factor of 137160414?
False
Is 154066423 a multiple of 12?
False
Is 15 a factor of 1375136745?
True
Is 44360552 a multiple of 122?
False
Is 17479859 a multiple of 379?
True
Is 2423320020 a multiple of 3771?
True
Is 2428263 a multiple of 153?
True
Is 25 a factor of 1471235175?
True
Does 90 divide 136954953?
False
Is 7578310 a multiple of 3?
False
Is 16 a factor of 1157433464?
False
Is 5184433 a multiple of 14?
False
Is 146740728 a multiple of 806?
False
Does 9 divide 33184869?
False
Is 498971700 a multiple of 2529?
True
Does 353 divide 37238310?
False
Is 679 a factor of 21376278?
True
Does 160 divide 172136845?
False
Does 92 divide 52340833?
False
Is 773505214 a multiple of 4177?
True
Does 296 divide 260223960?
True
Is 6 a factor of 1337844?
True
Is 7147474 a multiple of 3?
False
Is 4 a factor of 5187362?
False
Is 477751330 a multiple of 186?
False
Is 7 a factor of 1623132?
True
Does 355 divide 9206686?
False
Is 4202 a factor of 4717606410?
True
Is 3616 a factor of 2262927540?
False
Does 26 divide 5728060?
True
Does 890 divide 199443453?
False
Is 58 a factor of 243733163?
False
Does 9 divide 10911639?
False
Is 111584078 a multiple of 54?
False
Is 426 a factor of 1256957304?
True
Is 450457194 a multiple of 374?
True
Is 6 a factor of 46569534?
True
Is 54 a factor of 159470586?
True
Is 589664842 a multiple of 10?
False
Does 7 divide 39472953?
False
Is 386 a factor of 2972419770?
False
Does 753 divide 7502139?
True
Is 188799257 a multiple of 230?
False
Is 77 a factor of 147508900?
True
Is 183342611 a multiple of 1189?
True
Does 2186 divide 1754124337?
False
Is 39282488 a multiple of 14?
True
Is 1789968974 a multiple of 359?
True
Is 324 a factor of 80657540?
False
Is 4160 a factor of 21987948?
False
Does 4495 divide 1362825565?
True
Does 51 divide 188008696?
False
Is 501 a factor of 15579029?
False
Is 17 a factor of 11924446?
True
Does 469 divide 64887292?
False
Does 3020 divide 92158071?
False
Is 1108265994 a multiple of 253?
True
Is 30234353 a multiple of 328?
False
Is 6 a factor of 21909332?
False
Does 10 divide 25120807?
False
Is 55141800 a multiple of 95?
True
Does 1057 divide 78553100?
False
Is 314972991 a multiple of 623?
False
Is 224 a factor of 45255616?
True
Is 12834457 a multiple of 163?
True
Is 43762850 a multiple of 22?
False
Is 6 a factor of 25867594?
False
Does 84 divide 6436584?
True
Is 41350536 a multiple of 1629?
True
Is 18 a factor of 46787724?
True
Does 49 divide 418193677?
False
Is 3978353423 a multiple of 126?
False
Is 17 a factor of 533978517?
True
Is 17 a factor of 18102962?
False
Is 647074467 a multiple of 25?
False
Is 31950255 a multiple of 265?
True
Does 6 divide 18856562?
False
Does 3722 divide 785037857?
False
Is 21 a factor of 21336189?
True
Is 107665012 a multiple of 28?
True
Is 96 a factor of 43305465?
False
Is 3063520 a multiple of 8?
True
Does 119 divide 398992644?
False
Does 1869 divide 222498843?
True
Does 781 divide 787135536?
True
Does 68 divide 41009144?
False
Is 925490166 a multiple of 29?
True
Is 4893934940 a multiple of 23?
True
Is 980 a factor of 14462505?
False
Does 1624 divide 1716311408?
True
Does 346 divide 1744824079?
False
Does 80 divide 148737760?
True
Does 25 divide 3553540?
False
Is 676810836 a multiple of 52?
True
Does 104 divide 316089548?
False
Is 33092557 a multiple of 24?
False
Is 140999496 a multiple of 66?
True
Does 13 divide 3675490?
True
Is 875 a factor of 42308027?
False
Is 122239140 a multiple of 833?
False
Is 595 a factor of 43154160?
True
Is 47 a factor of 21305974?
False
Does 114 divide 357151135?
False
Does 245 divide 839117160?
True
Is 1628 a factor of 23407384?
True
Does 91 divide 111960303?
True
Does 10 divide 91846509?
False
Does 34 divide 783947350?
True
Is 656 a factor of 1527181120?
True
Does 106 divide 19807203?
False
Does 10 divide 2534393810?
True
Is 1662784785 a multiple of 13?
False
Is 35171960 a multiple of 6?
False
Is 384349826 a multiple of 246?
False
Is 2330 a factor of 69701950?
True
Is 350632624 a multiple of 3548?
False
Does 23 divide 190509?
True
Is 25 a factor of 2524244802?
False
Is 420045485 a multiple of 3?
False
Is 687 a factor of 71412267?
False
Is 55 a factor of 1321214290?
True
Is 98966507 a multiple of 375?
False
Is 144 a factor of 407246112?
True
Does 15 divide 147196080?
True
Is 280784486 a multiple of 3503?
False
Does 854 divide 18644528?
True
Does 321 divide 12902595?
True
Is 70 a factor of 22332170?
True
Does 26 divide 4674524504?
True
Is 98336022 a multiple of 136?
False
Is 761663608 a multiple of 177?
False
Is 83 a factor of 2068185783?
True
Does 1594 divide 179393542?
True
Does 82 divide 305505432?
True
Does 27 divide 4913562?
False
Is 32 a factor of 41575970?
False
Is 380452235 a multiple of 5?
True
Is 12911845 a multiple of 74?
False
Is 360892650 a multiple of 75?
True
Does 361 divide 32252104?
False
Is 115155465 a multiple of 141?
False
Does 103 divide 30748405?
False
Is 29272227 a multiple of 4?
False
Is 7196 a factor of 962371452?
True
Is 9486288 a multiple of 336?
True
Is 24 a factor of 2955067?
False
Does 28 divide 2113081133?
False
Is 332 a factor of 51327298?
False
Does 345 divide 43846050?
True
Is 8205771 a multiple of 1782?
False
Is 7 a factor of 212449?
False
Is 194 a factor of 1402395109?
False
Does 2792 divide 19656719?
False
Is 15 a factor of 542945663?
False
Does 12 divide 145849094?
False
Is 83257024 a multiple of 136?
True
Is 581 a factor of 1413243042?
False
Does 33 divide 196810485?
False
Is 15417325 a multiple of 77?
True
Is 3743 a factor of 112230112?
True
Is 13 a factor of 2908926331?
False
Is 159 a factor of 20919315?
False
Does 14 divide 2998848602?
False
Is 4 a factor of 1053180?
True
Is 2751947520 a multiple of 16?
True
Is 26 a factor of 3294075?
False
Does 2795 divide 30535375?
True
Does 163 divide 4501408?
True
Is 311 a factor of 77462690?
False
Does 33 divide 4652608314?
False
Is 188 a factor of 11560872?
True
Is 72 a factor of 129268553?
False
Does 31 divide 3766488614?
False
Does 18 divide 96898176?
True
Is 34625825 a multiple of 2079?
False
Is 2350208692 a multiple of 3653?
True
Is 71416156 a multiple of 330?
False
Is 500622870 a multiple of 15?
True
